late the remainder when 747398 is divided by 4750.
1648
What is the remainder when 57374652 is divided by 2535?
2532
Calculate the remainder when 4835802 is divided by 1803.
156
Calculate the remainder when 1651525 is divided by 343.
323
What is the remainder when 51076 is divided by 25528?
20
What is the remainder when 286829 is divided by 95603?
20
Calculate the remainder when 17086542 is divided by 3087.
3084
What is the remainder when 116335465 is divided by 10?
5
Calculate the remainder when 221921097 is divided by 15.
12
Calculate the remainder when 34327337 is divided by 381.
380
Calculate the remainder when 407812 is divided by 76.
72
What is the remainder when 1325924 is divided by 642?
194
What is the remainder when 4767663 is divided by 124?
111
What is the remainder when 1953 is divided by 1585?
368
Calculate the remainder when 5314785 is divided by 12.
9
Calculate the remainder when 11572534 is divided by 1.
0
What is the remainder when 10349845 is divided by 970?
915
Calculate the remainder when 319777 is divided by 159825.
127
What is the remainder when 26499725 is divided by 365?
360
What is the remainder when 23205 is divided by 4507?
670
Calculate the remainder when 276398 is divided by 88.
78
What is the remainder when 16214853 is divided by 2026851?
45
What is the remainder when 59786322 is divided by 3?
0
What is the remainder when 2400830 is divided by 6899?
6877
Calculate the remainder when 129868 is divided by 1237.
1220
Calculate the remainder when 471855 is divided by 5568.
4143
What is the remainder when 6180933 is divided by 561866?
407
What is the remainder when 18194540 is divided by 413512?
12
What is the remainder when 133123 is divided by 677?
431
What is the remainder when 175195 is divided by 1228?
819
What is the remainder when 1745034 is divided by 39658?
82
Calculate the remainder when 63009 is divided by 31398.
213
Calculate the remainder when 199714 is divided by 6.
4
Calculate the remainder when 27747 is divided by 1049.
473
What is the remainder when 3697800 is divided by 11?
7
Calculate the remainder when 20949 is divided by 40.
29
What is the remainder when 5474516 is divided by 274?
270
Calculate the remainder when 30934 is divided by 1384.
486
Calculate the remainder when 42964132 is divided by 3103.
3097
Calculate the remainder when 384739 is divided by 68.
63
Calculate the remainder when 393948099 is divided by 1300.
1299
Calculate the remainder when 23175 is divided by 64.
7
Calculate the remainder when 10455 is divided by 1294.
103
What is the remainder when 4556572 is divided by 99?
97
Calculate the remainder when 3964801 is divided by 4720.
1
Calculate the remainder when 17936968 is divided by 30.
28
Calculate the remainder when 83682 is divided by 73.
24
Calculate the remainder when 66655333 is divided by 25.
8
What is the remainder when 289882 is divided by 23827?
3958
Calculate the remainder when 61790 is divided by 99.
14
What is the remainder when 3581930 is divided by 138?
2
What is the remainder when 19647337 is divided by 13701?
103
What is the remainder when 174038 is divided by 3054?
3014
What is the remainder when 1097886 is divided by 490?
286
What is the remainder when 42816967 is divided by 277?
246
What is the remainder when 2514745 is divided by 10566?
37
Calculate the remainder when 538872903 is divided by 29937383.
9
What is the remainder when 612598 is divided by 50881?
2026
Calculate the remainder when 863752 is divided by 429524.
4704
What is the remainder when 1044803 is divided by 1548?
1451
Calculate the remainder when 1794488 is divided by 864.
824
Calculate the remainder when 140133 is divided by 6368.
37
Calculate the remainder when 27613990 is divided by 103.
102
Calculate the remainder when 4618986 is divided by 21584.
10
Calculate the remainder when 11219199 is divided by 5795.
79
What is the remainder when 107029789 is divided by 2113?
0
What is the remainder when 2524892 is divided by 631222?
4
What is the remainder when 4032239 is divided by 1585?
1584
What is the remainder when 886780 is divided by 10?
0
What is the remainder when 596888 is divided by 257?
134
What is the remainder when 16222578 is divided by 56?
50
Calculate the remainder when 690888 is divided by 244.
124
Calculate the remainder when 2696524 is divided by 449420.
4
Calculate the remainder when 19578607 is divided by 130.
87
What is the remainder when 1095480 is divided by 218331?
3825
Calculate the remainder when 166893 is divided by 413.
41
Calculate the remainder when 52645422 is divided by 2235.
2232
What is the remainder when 38789231 is divided by 119?
110
Calculate the remainder when 801174237 is divided by 480.
477
What is the remainder when 1432214 is divided by 1561?
777
What is the remainder when 12454259 is divided by 36?
23
What is the remainder when 192179 is divided by 2827?
2770
Calculate the remainder when 2023116 is divided by 123.
12
Calculate the remainder when 700163 is divided by 1064.
51
What is the remainder when 98035712 is divided by 74?
68
What is the remainder when 42310 is divided by 3208?
606
Calculate the remainder when 48631 is divided by 73.
13
What is the remainder when 61528629 is divided by 94?
83
What is the remainder when 79793 is divided by 11397?
14
Calculate the remainder when 684032 is divided by 19.
13
What is the remainder when 177359619 is divided by 1987?
1986
Calculate the remainder when 11971312 is divided by 48.
16
What is the remainder when 812102 is divided by 583?
566
Calculate the remainder when 11948576 is divided by 1677.
1628
Calculate the remainder when 6250912 is divided by 507.
109
Calculate the remainder when 8085 is divided by 40.
5
Calculate the remainder when 1318033 is divided by 164359.
3161
Calculate the remainder when 226538 is divided by 1014.
416
Calculate the remainder when 311434 is divided by 23247.
9223
Calculate the remainder when 17361839 is divided by 754862.
13
Calculate the remainder when 191421591 is divided by 331.
319
Calculate the remainder when 71258763 is divided by 37723.
16
Calculate the remainder when 6196966 is divided by 21820.
86
What is the remainder when 232439 is divided by 1906?
1813
What is the remainder when 16163 is divided by 4876?
1535
Calculate the remainder when 4976198 is divided by 52.
6
What is the remainder when 10239328 is divided by 79374?
82
What is the remainder when 1355337 is divided by 583?
445
Calculate the remainder when 1601699 is divided by 266558.
2351
What is the remainder when 6019211 is divided by 640?
11
Calculate the remainder when 1563116 is divided by 91948.
0
Calculate the remainder when 10069825 is divided by 30.
25
What is the remainder when 46253193 is divided by 13?
12
What is the remainder when 50635 is divided by 7100?
935
What is the remainder when 2544618 is divided by 2514?
450
What is the remainder when 13923265 is divided by 12192?
1
What is the remainder when 2610821 is divided by 870245?
86
Calculate the remainder when 6653987 is divided by 2532.
2423
What is the remainder when 65513 is divided by 54930?
10583
What is the remainder when 1480919 is divided by 98?
41
Calculate the remainder when 2574047 is divided by 58.
7
Calculate the remainder when 2556088 is divided by 30796.
20
What is the remainder when 1054625 is divided by 3527?
52
Calculate the remainder when 3287182 is divided by 328701.
172
Calculate the remainder when 27420211 is divided by 24.
19
What is the remainder when 3331768 is divided by 5950?
5718
What is the remainder when 7183505 is divided by 10?
5
Calculate the remainder when 7529654 is divided by 3764824.
6
What is the remainder when 4778499 is divided by 95?
94
What is the remainder when 13196583 is divided by 3558?
3519
What is the remainder when 221476 is divided by 798?
430
What is the remainder when 186818 is divided by 982?
238
What is the remainder when 9093968 is divided by 517?
455
What is the remainder when 8622005 is divided by 615846?
161
What is the remainder when 2708814 is divided by 10?
4
What is the remainder when 67465704 is divided by 22488567?
3
What is the remainder when 4519646 is divided by 1039?
1035
Calculate the remainder when 47685 is divided by 3594.
963
What is the remainder when 993755 is divided b